{"id":133,"date":"2024-11-05T20:57:54","date_gmt":"2024-11-05T19:57:54","guid":{"rendered":"https:\/\/moosbrugger.at\/quartier313\/?page_id=133"},"modified":"2024-12-31T13:09:50","modified_gmt":"2024-12-31T12:09:50","slug":"133-2","status":"publish","type":"page","link":"https:\/\/moosbrugger.at\/quartier313\/","title":{"rendered":""},"content":{"rendered":"\n<div class=\"wp-block-group alignfull has-accent-background-color has-background has-global-padding is-layout-constrained wp-container-core-group-is-layout-669513ed wp-block-group-is-layout-constrained\" style=\"margin-top:0;margin-bottom:0;padding-top:var(--wp--preset--spacing--50);padding-right:var(--wp--preset--spacing--50);padding-bottom:var(--wp--preset--spacing--50);padding-left:var(--wp--preset--spacing--50)\">\n<div class=\"wp-block-columns alignwide is-layout-flex wp-container-core-columns-is-layout-1da03c2a wp-block-columns-is-layout-flex\">\n<div class=\"wp-block-column is-vertically-aligned-stretch is-layout-flow wp-block-column-is-layout-flow\" style=\"flex-basis:50%\">\n<div class=\"wp-block-group is-vertical is-content-justification-stretch is-layout-flex wp-container-core-group-is-layout-444d5ee8 wp-block-group-is-layout-flex\" style=\"min-height:100%\">\n<p class=\"has-heading-font-family has-x-large-font-size\" style=\"line-height:1.2\"><strong>Willkommen im Quartier 313 \u2013 Ihr Skiurlaub im eigenen Ferienhaus in Mellau im Bregenzerwald, Vorarlberg!<\/strong><\/p>\n\n\n\n<div class=\"wp-block-group has-global-padding is-content-justification-left is-layout-constrained wp-container-core-group-is-layout-9fe8ed88 wp-block-group-is-layout-constrained\">\n<p class=\"wp-container-content-0733e5d0\">Entfliehen Sie dem Alltagsstress und genie\u00dfen Sie eine unvergessliche Auszeit in unserem Ferienhaus, perfekt geeignet f\u00fcr Ihren Skiurlaub. Das Quartier 313 vereint rustikale Gem\u00fctlichkeit mit modernem Komfort und bietet den idealen R\u00fcckzugsort f\u00fcr Paare, Familien oder Freunde.<\/p>\n\n\n\n<div class=\"wp-block-buttons is-layout-flex wp-block-buttons-is-layout-flex\">\n<div class=\"wp-block-button\"><a class=\"wp-block-button__link wp-element-button\" href=\"https:\/\/moosbrugger.at\/quartier313\/\">Impressionen<\/a><\/div>\n<\/div>\n<\/div>\n<\/div>\n<\/div>\n\n\n\n<div class=\"wp-block-column is-vertically-aligned-center is-layout-flow wp-block-column-is-layout-flow\" style=\"flex-basis:50%\">\n<figure class=\"wp-block-image size-large is-style-rounded is-style-rounded--1\"><img loading=\"lazy\" decoding=\"async\" width=\"683\" height=\"1024\" src=\"http:\/\/moosbrugger.at\/quartier313\/wp-content\/uploads\/sites\/2\/2024\/11\/Quartier313-230-ThomasSteinlechner-683x1024.jpg\" alt=\"\" class=\"wp-image-35\" style=\"aspect-ratio:3\/4;object-fit:cover\" srcset=\"https:\/\/moosbrugger.at\/quartier313\/wp-content\/uploads\/sites\/2\/2024\/11\/Quartier313-230-ThomasSteinlechner-683x1024.jpg 683w, https:\/\/moosbrugger.at\/quartier313\/wp-content\/uploads\/sites\/2\/2024\/11\/Quartier313-230-ThomasSteinlechner-200x300.jpg 200w, https:\/\/moosbrugger.at\/quartier313\/wp-content\/uploads\/sites\/2\/2024\/11\/Quartier313-230-ThomasSteinlechner-768x1151.jpg 768w, https:\/\/moosbrugger.at\/quartier313\/wp-content\/uploads\/sites\/2\/2024\/11\/Quartier313-230-ThomasSteinlechner-1025x1536.jpg 1025w, https:\/\/moosbrugger.at\/quartier313\/wp-content\/uploads\/sites\/2\/2024\/11\/Quartier313-230-ThomasSteinlechner.jpg 1366w\" sizes=\"auto, (max-width: 683px) 100vw, 683px\" \/><\/figure>\n<\/div>\n<\/div>\n<\/div>\n\n\n\n<div class=\"wp-block-group alignfull has-base-background-color has-background has-global-padding is-layout-constrained wp-container-core-group-is-layout-d89aad35 wp-block-group-is-layout-constrained\" style=\"margin-top:0;margin-bottom:0;padding-top:var(--wp--preset--spacing--50);padding-right:var(--wp--preset--spacing--50);padding-bottom:var(--wp--preset--spacing--50);padding-left:var(--wp--preset--spacing--50)\">\n<div class=\"wp-block-columns alignwide is-layout-flex wp-container-core-columns-is-layout-549b0c86 wp-block-columns-is-layout-flex\">\n<div class=\"wp-block-column has-global-padding is-content-justification-left is-layout-constrained wp-container-core-column-is-layout-4f15e8fe wp-block-column-is-layout-constrained\" style=\"flex-basis:40%\">\n<p><\/p>\n<\/div>\n\n\n\n<div class=\"wp-block-column is-layout-flow wp-container-core-column-is-layout-119bc444 wp-block-column-is-layout-flow\" style=\"flex-basis:60%\">\n<p class=\"has-heading-font-family has-x-large-font-size\" style=\"line-height:1.2\">Ihre Unterkunft<\/p>\n\n\n\n<div class=\"wp-block-columns is-layout-flex wp-container-core-columns-is-layout-87beb0d0 wp-block-columns-is-layout-flex\">\n<div class=\"wp-block-column is-layout-flow wp-block-column-is-layout-flow\">\n<p class=\"wp-container-content-9cfa9a5a\"><strong>Charmantes Ambiente:<\/strong> Die harmonische Kombination aus traditionellen Materialien und stilvollem Design schafft eine einladende Atmosph\u00e4re.<\/p>\n\n\n\n<p><strong>Ger\u00e4umiges Haus:<\/strong> Mit 4 Doppelzimmern bietet unser Quartier ausreichend Platz f\u00fcr bis zu 8 Personen.<\/p>\n\n\n\n<p><strong>Familienfreundlich:<\/strong> Auf Wunsch stellen wir Ihnen ein Gitterbett zur Verf\u00fcgung \u2013 so k\u00f6nnen auch die kleinen G\u00e4ste ihren Urlaub genie\u00dfen.<\/p>\n\n\n\n<p><strong>Voll ausgestattete K\u00fcche: <\/strong>Bereiten Sie in der gro\u00dfz\u00fcgigen K\u00fcche Ihre Lieblingsgerichte zu \u2013 von der Mikrowelle bis hin zum Geschirrsp\u00fcler ist alles vorhanden.<\/p>\n\n\n\n<p class=\"wp-container-content-9cfa9a5a\"><strong>Separates Wohnzimmer: <\/strong>F\u00fcr gem\u00fctliche Abende steht Ihnen ein komfortables Wohnzimmer mit Sitzecke, Couch und Fernseher zur Verf\u00fcgung, perfekt f\u00fcr gemeinsame Stunden nach einem erlebnisreichen Tag.<\/p>\n<\/div>\n\n\n\n<div class=\"wp-block-column is-layout-flow wp-block-column-is-layout-flow\">\n<p><strong>Skiabstellraum mit Skischuhheizung: <\/strong>Die Skischuhe werden durch eine integrierte Skischuhe-Heizung angenehm trocken und warm, sodass Sie am n\u00e4chsten Tag bereit f\u00fcr neue Abenteuer auf den Pisten sind.<\/p>\n\n\n\n<p><strong>Kostenlose Parkpl\u00e4tze direkt vor dem Haus: <\/strong>F\u00fcr Ihre Anreise mit dem Auto stehen Ihnen kostenlose Parkpl\u00e4tze direkt vor dem Haus zur Verf\u00fcgung.<\/p>\n\n\n\n<p><strong>Kostenloses WLAN: <\/strong>Bleiben Sie auch im Urlaub immer verbunden \u2013 unser kostenloses WLAN steht Ihnen im gesamten Haus zur Verf\u00fcgung, ob f\u00fcr die Arbeit, das Planen Ihrer n\u00e4chsten Abenteuer oder einfach zum Surfen und Streamen.<\/p>\n<\/div>\n<\/div>\n<\/div>\n<\/div>\n<\/div>\n\n\n\n<div class=\"wp-block-group alignfull has-global-padding is-layout-constrained wp-container-core-group-is-layout-d89aad35 wp-block-group-is-layout-constrained\" style=\"margin-top:0;margin-bottom:0;padding-top:var(--wp--preset--spacing--50);padding-right:var(--wp--preset--spacing--50);padding-bottom:var(--wp--preset--spacing--50);padding-left:var(--wp--preset--spacing--50)\">\n<div class=\"wp-block-columns alignwide is-layout-flex wp-container-core-columns-is-layout-1da03c2a wp-block-columns-is-layout-flex\">\n<div class=\"wp-block-column is-vertically-aligned-center is-layout-flow wp-block-column-is-layout-flow\" style=\"flex-basis:60%\">\n<figure class=\"wp-block-image size-full is-style-rounded wp-duotone-duotone-1 is-style-rounded--2\"><img loading=\"lazy\" decoding=\"async\" width=\"2048\" height=\"1366\" src=\"http:\/\/moosbrugger.at\/quartier313\/wp-content\/uploads\/sites\/2\/2024\/12\/WinterQuartier313-032-ThomasSteinlechner-2.jpg\" alt=\"\" class=\"wp-image-167\" style=\"aspect-ratio:4\/3;object-fit:cover\" srcset=\"https:\/\/moosbrugger.at\/quartier313\/wp-content\/uploads\/sites\/2\/2024\/12\/WinterQuartier313-032-ThomasSteinlechner-2.jpg 2048w, https:\/\/moosbrugger.at\/quartier313\/wp-content\/uploads\/sites\/2\/2024\/12\/WinterQuartier313-032-ThomasSteinlechner-2-300x200.jpg 300w, https:\/\/moosbrugger.at\/quartier313\/wp-content\/uploads\/sites\/2\/2024\/12\/WinterQuartier313-032-ThomasSteinlechner-2-1024x683.jpg 1024w, https:\/\/moosbrugger.at\/quartier313\/wp-content\/uploads\/sites\/2\/2024\/12\/WinterQuartier313-032-ThomasSteinlechner-2-768x512.jpg 768w, https:\/\/moosbrugger.at\/quartier313\/wp-content\/uploads\/sites\/2\/2024\/12\/WinterQuartier313-032-ThomasSteinlechner-2-1536x1025.jpg 1536w\" sizes=\"auto, (max-width: 2048px) 100vw, 2048px\" \/><\/figure>\n<\/div>\n\n\n\n<div class=\"wp-block-column is-layout-flow wp-block-column-is-layout-flow\" style=\"flex-basis:40%\">\n<h2 class=\"wp-block-heading\">Ideale Lage<\/h2>\n\n\n\n<p><strong>Skibus direkt vor der T\u00fcr:<\/strong> Profitieren Sie von der bequemen Anbindung zu den Mellau-Dam\u00fcls Bergbahnen, der Skibus h\u00e4lt nur wenige Schritte von Ihrer Unterkunft entfernt.<\/p>\n\n\n\n<p><strong>Wundersch\u00f6ne Ausblicke:<\/strong> Von Ihrem Balkon und im Garten k\u00f6nnen Sie den Blick auf den Golfplatz sowie die beeindruckende Kanisfluh genie\u00dfen.<\/p>\n\n\n\n<div class=\"wp-block-buttons is-layout-flex wp-block-buttons-is-layout-flex\">\n<div class=\"wp-block-button\"><a class=\"wp-block-button__link wp-element-button\" href=\"https:\/\/moosbrugger.at\/quartier313\/kontakt\/\">Kontakt &amp; Anfahrt<\/a><\/div>\n<\/div>\n<\/div>\n<\/div>\n\n\n\n<div class=\"wp-block-group alignfull has-global-padding is-layout-constrained wp-container-core-group-is-layout-301020a0 wp-block-group-is-layout-constrained\" style=\"padding-top:var(--wp--preset--spacing--50);padding-right:var(--wp--preset--spacing--50);padding-bottom:var(--wp--preset--spacing--50);padding-left:var(--wp--preset--spacing--50)\">\n<div class=\"wp-block-columns alignwide is-layout-flex wp-container-core-columns-is-layout-08c01c1c wp-block-columns-is-layout-flex\">\n<div class=\"wp-block-column is-layout-flow wp-block-column-is-layout-flow\" style=\"flex-basis:33%\">\n<p class=\"has-heading-font-family has-large-font-size\" style=\"line-height:1.2\">Aktivit\u00e4ten in der Umgebung<\/p>\n<\/div>\n\n\n\n<div class=\"wp-block-column is-layout-flow wp-container-core-column-is-layout-119bc444 wp-block-column-is-layout-flow\">\n<div class=\"wp-block-group is-nowrap is-layout-flex wp-container-core-group-is-layout-877c468d wp-block-group-is-layout-flex\">\n<div class=\"wp-block-group is-vertical is-content-justification-left is-nowrap is-layout-flex wp-container-core-group-is-layout-970da055 wp-block-group-is-layout-flex\">\n<p style=\"font-style:normal;font-weight:500\"><strong>Winterzauber<\/strong><\/p>\n\n\n\n<p>Ideal f\u00fcr Ihren Skiurlaub \u2013 erleben Sie erstklassige Pisten und unvergessliche Schneetage im nahegelegenen Skigebiet Mellau-Dam\u00fcls. Bergbahnen Diedamskopf\/Schoppernau 15 min, Bergbahnen Salober\/Warth am Arlberg 30 min.<\/p>\n<\/div>\n\n\n\n<div class=\"wp-block-group is-vertical is-nowrap is-layout-flex wp-container-core-group-is-layout-3655d5c7 wp-block-group-is-layout-flex\">\n<p style=\"font-style:normal;font-weight:500\"><strong>Wanderungen und Radtouren<\/strong><\/p>\n\n\n\n<p>Der Radweg Bregenzerwald von Schoppernau bis Doren f\u00fchrt entlang der Bregenzerach durch D\u00f6rfer, Wiesen und Felder auf einer L\u00e4nge von 39km.<\/p>\n<\/div>\n<\/div>\n\n\n\n<div class=\"wp-block-group is-nowrap is-layout-flex wp-container-core-group-is-layout-877c468d wp-block-group-is-layout-flex\">\n<div class=\"wp-block-group is-vertical is-nowrap is-layout-flex wp-container-core-group-is-layout-3655d5c7 wp-block-group-is-layout-flex\">\n<p style=\"font-style:normal;font-weight:500\"><strong>Kulinarische Gen\u00fcsse<\/strong><\/p>\n\n\n\n<p>Lassen Sie sich in den nahegelegenen Restaurants von regionalen Spezialit\u00e4ten verw\u00f6hnen.<\/p>\n<\/div>\n\n\n\n<div class=\"wp-block-group is-vertical is-nowrap is-layout-flex wp-container-core-group-is-layout-3655d5c7 wp-block-group-is-layout-flex\">\n<p><\/p>\n<\/div>\n<\/div>\n<\/div>\n<\/div>\n<\/div>\n<\/div>\n\n\n\n<div class=\"wp-block-group alignfull has-base-color has-contrast-background-color has-text-color has-background has-link-color wp-elements-d7f790353d23f6a054168875f8616075 has-global-padding is-layout-constrained wp-container-core-group-is-layout-d89aad35 wp-block-group-is-layout-constrained\" style=\"margin-top:0;margin-bottom:0;padding-top:var(--wp--preset--spacing--50);padding-right:var(--wp--preset--spacing--50);padding-bottom:var(--wp--preset--spacing--50);padding-left:var(--wp--preset--spacing--50)\">\n<h2 class=\"wp-block-heading alignwide has-base-color has-text-color has-link-color wp-elements-c9b5699bdecff18878afa112249018b5\" style=\"font-size:clamp(4.509rem, 4.509rem + ((1vw - 0.2rem) * 9.152), 10rem);letter-spacing:-0.02em\">FAQs<\/h2>\n\n\n\n<div class=\"wp-block-group alignwide is-layout-flow wp-block-group-is-layout-flow\">\n<hr class=\"wp-block-separator has-text-color has-base-color has-alpha-channel-opacity has-base-background-color has-background is-style-wide\" style=\"margin-top:var(--wp--preset--spacing--30);margin-bottom:var(--wp--preset--spacing--30)\"\/>\n\n\n\n<h3 class=\"wp-block-heading alignwide has-base-2-color has-text-color has-link-color wp-elements-243e25a1d27f57bf4dd960500ec7c586\">Wie lauten die Check-In und Check-Out Zeiten in der Unterkunft?<\/h3>\n\n\n\n<p class=\"has-contrast-1-color has-text-color has-link-color wp-elements-e4ab1130a6933b45e47de1dceb854563\">Der Check-in in der Unterkunft Quartier 313 ist ab 15:00, und der Check-out ist bis 10:00.<\/p>\n\n\n\n<hr class=\"wp-block-separator has-text-color has-base-color has-alpha-channel-opacity has-base-background-color has-background is-style-wide\" style=\"margin-top:var(--wp--preset--spacing--30);margin-bottom:var(--wp--preset--spacing--30)\"\/>\n\n\n\n<h3 class=\"wp-block-heading alignwide has-base-2-color has-text-color has-link-color wp-elements-7543216b0b733bf4505c754ffbad7bd3\">Ist die Unterkunft bei Familien beliebt?<\/h3>\n\n\n\n<p class=\"has-contrast-1-color has-text-color has-link-color wp-elements-1cad4f79bcb500589696182842c58743\">Ja, die Unterkunft Quartier 313 ist bei G\u00e4sten beliebt, die Familienaufenthalte buchen.<\/p>\n\n\n\n<hr class=\"wp-block-separator has-text-color has-base-color has-alpha-channel-opacity has-base-background-color has-background is-style-wide\" style=\"margin-top:var(--wp--preset--spacing--30);margin-bottom:var(--wp--preset--spacing--30)\"\/>\n\n\n\n<h3 class=\"wp-block-heading alignwide has-base-2-color has-text-color has-link-color wp-elements-5de255d68ca709dff84ad528110484af\">Wie weit ist die Unterkunft vom Dorfzentrum bzw. von der Talstation der Bergbahnen Mellau bzw. Mellau-Dam\u00fcls entfernt?<\/h3>\n\n\n\n<p class=\"has-contrast-1-color has-text-color has-link-color wp-elements-f713564178afea3763845ae35a1703f4\">Die Unterkunft Quartier 313 ist 700 m vom Zentrum von Mellau entfernt. Der Skibus h\u00e4lt in weniger als 100m Entfernung.<\/p>\n\n\n\n<hr class=\"wp-block-separator has-text-color has-base-color has-alpha-channel-opacity has-base-background-color has-background is-style-wide\" style=\"margin-top:var(--wp--preset--spacing--30);margin-bottom:var(--wp--preset--spacing--30)\"\/>\n\n\n\n<h3 class=\"wp-block-heading alignwide has-base-2-color has-text-color has-link-color wp-elements-5feff617da569ee17f2e5bf546cf10ad\">Wieviele G\u00e4ste k\u00f6nnen in der Unterkunft \u00fcbernachten bzw. wie viele Schlafzimmer gibt es?<\/h3>\n\n\n\n<p class=\"has-contrast-1-color has-text-color has-link-color wp-elements-fe3aef065c7bdb263801e5800e280e8e\">Die Unterkunft bietet f\u00fcr bis zu 8 G\u00e4ste Platz, es gibt 4 Schlafzimmer mit je einem Doppelbett. Zwei der Zimmer haben einen Zugang zum Balkon.<\/p>\n\n\n\n<div style=\"margin-top:var(--wp--preset--spacing--10);margin-bottom:0;height:var(--wp--preset--spacing--10)\" aria-hidden=\"true\" class=\"wp-block-spacer\"><\/div>\n<\/div>\n<\/div>\n\n\n\n<div class=\"wp-block-group alignfull has-global-padding is-layout-constrained wp-container-core-group-is-layout-d89aad35 wp-block-group-is-layout-constrained\" style=\"margin-top:0;margin-bottom:0;padding-top:var(--wp--preset--spacing--50);padding-right:var(--wp--preset--spacing--50);padding-bottom:var(--wp--preset--spacing--50);padding-left:var(--wp--preset--spacing--50)\">\n<div class=\"wp-block-columns alignwide are-vertically-aligned-center is-layout-flex wp-container-core-columns-is-layout-47c06fe3 wp-block-columns-is-layout-flex\">\n<div class=\"wp-block-column is-vertically-aligned-center is-layout-flow wp-block-column-is-layout-flow\" style=\"flex-basis:50%\">\n<h2 class=\"wp-block-heading\"><strong>Ihr perfekter Urlaub beginnt hier!<\/strong><\/h2>\n\n\n\n<p>Buchen Sie jetzt Ihren Aufenthalt im Quartier 313 und erleben Sie unvergessliche Tage in Mellau, Vorarlberg. Wir freuen uns auf Ihren Besuch!<\/p>\n\n\n\n<ul style=\"line-height:1.75\" class=\"wp-block-list is-style-checkmark-list\">\n<li><\/li>\n<\/ul>\n\n\n\n<div class=\"wp-block-buttons is-layout-flex wp-block-buttons-is-layout-flex\">\n<div class=\"wp-block-button\"><a class=\"wp-block-button__link wp-element-button\" href=\"https:\/\/moosbrugger.at\/quartier313\/impressionen\/\">Impressionen<\/a><\/div>\n\n\n\n<div class=\"wp-block-button is-style-outline is-style-outline--3\"><a class=\"wp-block-button__link wp-element-button\" href=\"mailto:quartier313@moosbrugger.at\">Jetzt Anfrage via E-Mail senden<\/a><\/div>\n<\/div>\n<\/div>\n\n\n\n<div class=\"wp-block-column is-vertically-aligned-center is-layout-flow wp-block-column-is-layout-flow\" style=\"flex-basis:50%\">\n<figure class=\"wp-block-image size-full is-style-rounded is-style-rounded--4\"><img loading=\"lazy\" decoding=\"async\" width=\"2048\" height=\"1366\" src=\"http:\/\/moosbrugger.at\/quartier313\/wp-content\/uploads\/sites\/2\/2024\/11\/Quartier313-134-ThomasSteinlechner.jpg\" alt=\"\" class=\"wp-image-23\" style=\"aspect-ratio:4\/3;object-fit:cover\" srcset=\"https:\/\/moosbrugger.at\/quartier313\/wp-content\/uploads\/sites\/2\/2024\/11\/Quartier313-134-ThomasSteinlechner.jpg 2048w, https:\/\/moosbrugger.at\/quartier313\/wp-content\/uploads\/sites\/2\/2024\/11\/Quartier313-134-ThomasSteinlechner-300x200.jpg 300w, https:\/\/moosbrugger.at\/quartier313\/wp-content\/uploads\/sites\/2\/2024\/11\/Quartier313-134-ThomasSteinlechner-1024x683.jpg 1024w, https:\/\/moosbrugger.at\/quartier313\/wp-content\/uploads\/sites\/2\/2024\/11\/Quartier313-134-ThomasSteinlechner-768x512.jpg 768w, https:\/\/moosbrugger.at\/quartier313\/wp-content\/uploads\/sites\/2\/2024\/11\/Quartier313-134-ThomasSteinlechner-1536x1025.jpg 1536w\" sizes=\"auto, (max-width: 2048px) 100vw, 2048px\" \/><\/figure>\n<\/div>\n<\/div>\n<\/div>\n","protected":false},"excerpt":{"rendered":"<p>Willkommen im Quartier 313 \u2013 Ihr Skiurlaub im eigenen Ferienhaus in Mellau im Bregenzerwald, Vorarlberg! Entfliehen Sie dem Alltagsstress und genie\u00dfen Sie eine unvergessliche Auszeit in unserem Ferienhaus, perfekt geeignet f\u00fcr Ihren Skiurlaub. Das Quartier 313 vereint rustikale Gem\u00fctlichkeit mit modernem Komfort und bietet den idealen R\u00fcckzugsort f\u00fcr Paare, Familien oder Freunde. Ihre Unterkunft Charmantes [&hellip;]<\/p>\n","protected":false},"author":1,"featured_media":0,"parent":0,"menu_order":0,"comment_status":"closed","ping_status":"closed","template":"","meta":{"footnotes":""},"class_list":["post-133","page","type-page","status-publish","hentry"],"_links":{"self":[{"href":"https:\/\/moosbrugger.at\/quartier313\/wp-json\/wp\/v2\/pages\/133","targetHints":{"allow":["GET"]}}],"collection":[{"href":"https:\/\/moosbrugger.at\/quartier313\/wp-json\/wp\/v2\/pages"}],"about":[{"href":"https:\/\/moosbrugger.at\/quartier313\/wp-json\/wp\/v2\/types\/page"}],"author":[{"embeddable":true,"href":"https:\/\/moosbrugger.at\/quartier313\/wp-json\/wp\/v2\/users\/1"}],"replies":[{"embeddable":true,"href":"https:\/\/moosbrugger.at\/quartier313\/wp-json\/wp\/v2\/comments?post=133"}],"version-history":[{"count":3,"href":"https:\/\/moosbrugger.at\/quartier313\/wp-json\/wp\/v2\/pages\/133\/revisions"}],"predecessor-version":[{"id":175,"href":"https:\/\/moosbrugger.at\/quartier313\/wp-json\/wp\/v2\/pages\/133\/revisions\/175"}],"wp:attachment":[{"href":"https:\/\/moosbrugger.at\/quartier313\/wp-json\/wp\/v2\/media?parent=133"}],"curies":[{"name":"wp","href":"https:\/\/api.w.org\/{rel}","templated":true}]}}